 be c(w). Let y(z) = z**3 + z**2 + z - 4. What is y(v)?
-4
Let o(x) be the first derivative of -7/2*x**2 + 4 - 2*x**3 + 9*x + 1/4*x**4. What is o(7)?
9
Let j(i) = -i**3 - 4*i**2 + 4*i + 1. Suppose -3*o - 8 = 7. What is j(o)?
6
Let x(v) = -v + 30. Let n be x(28). Let i(d) be the third derivative of 1/4*d**4 + 0 - 1/6*d**3 + 0*d + 3*d**n. What is i(-1)?
-7
Let t be (3*-1 - -2)/1. Let p(h) = h**3 + h**2 + h. Let g be p(t). Let s = 2 + g. Let c(u) = 6*u - 1. Determine c(s).
5
Suppose p = -2 + 6. Let l = p + -3. Let a(t) = -3*t**2 - 3. Let o(f) = -f**2 - 1. Let m(x) = l*a(x) - 4*o(x). What is m(1)?
2
Let n(i) = i**2 + 2*i - 1. Let t(h) be the first derivative of h**4/4 + h**2/2 + h - 2. Let l be t(0). Give n(l).
2
Let x(p) = 0*p**2 + 2*p + 18 - p**2 - 12 + p. Let v = 0 + 5. Give x(v).
-4
Let b be 14/7*(-1)/2. Let s(h) = -2*h**2 + h + 1. What is s(b)?
-2
Let y = -23 + 25. Let t(u) be the second derivative of -u**4/4 + u**3/3 + u**2/2 - 4*u. Give t(y).
-7
Let k(m) = -m**2 - m - 2. Suppose 2*i - 18 = -i - 3*s, -5*s - 6 = -4*i. Let z = -2 - -7. Suppose 3*x + 2*q = z*q + 12, 2*q + 8 = -i*x. Determine k(x).
-2
Let r(l) be the first derivative of -l**4/4 - 7*l**3/3 + 3*l**2 + 8. What is r(-8)?
16
Let g = -8 - -13. Let p(l) = -l**3 + 4*l + 2. Let w(h) = h**2 - h - 1. Let i(r) = -p(r) - 6*w(r). Determine i(g).
-11
Let l(g) be the third derivative of g**5/60 - 7*g**3/6 - 6*g**2. Calculate l(0).
-7
Let w = 25/6 + -4. Let d(u) be the second derivative of 0 - 3*u + 3/2*u**2 + 1/6*u**4 + 1/20*u**5 + w*u**3. Give d(-3).
-9
Let h(q) = q - 1. Let x(p) = 11*p - 3. Let r(z) = 6*h(z) - x(z). Give r(-2).
7
Let h be -2 - (-2)/(0 + -2). Let u = -1 - h. Let m(y) = -4*y**2 + u*y - y + 0 + 0. Determine m(-1).
-5
Let t = -20 + 22. Let m(a) = -2*a + 2. Calculate m(t).
-2
Let p(m) = 2 - 8*m - 2 + 8*m**2 + 5 + 6*m**2. Let c(t) = -t**2 + t - 1. Let o(v) = 6*c(v) + p(v). What is o(-1)?
9
Let p(b) = -2*b**2 + b + 1. Let y = 45 - 46. What is p(y)?
-2
Suppose -4*x - 4 = 0, 3*s - 8 = -x + 9. Let r(w) = -w**3 - 6*w**2 + 0 + s*w + 11*w**2 - 2. Let y be r(6). Let f(u) = 4*u + 1. Determine f(y).
-7
Let l(z) = -4*z**3 - 4 - 2*z**2 - 2*z**2 + 3*z**3 + 6*z**2 + z. Calculate l(3).
-10
Suppose 0 = -5*k + 4*h - h, -h = -2*k. Let p(a) = 0 + a**2 + 4 - 4*a + k. Let v be (-4)/2 + (-2 - -8). Calculate p(v).
4
Let g = 0 + 3. Let k(q) be the first derivative of 3 - 2*q + 2/3*q**3 + 5/2*q**2 - 1/4*q**4. Calculate k(g).
4
Let r = 15 - 16. Let v(w) = -w**3 + w**2. Let i be v(r). Let z(n) = 1. Let g(c) = c + 3. Let p(s) = 3*g(s) - 7*z(s). Calculate p(i).
8
Let c(b) = b**2 + 13*b + 11. Let w be (-1)/(16/182) - 6/(-16). Determine c(w).
-11
Let m(n) = 10*n**2 - 1. Suppose 4*f = 6*f - 10. Suppose g = -4*s + 2, 2*g - 1 = f*s - 10. What is m(s)?
9
Let u(m) = -4 + 2*m + 3*m - m. Give u(3).
8
Let o(w) = -w + 1. Let l be (-1 - (-6)/1)*-1. Let b(d) = -d + 3. Let q be b(l). Let j be q/3 - (-5)/15. Give o(j).
-2
Let v be (-4 + 1 + 2)*5. Let y = 7 + v. Let r(j) = -j**2 + j. Determine r(y).
-2
Suppose 0 = n + 2*d - 5 - 8, -3*n - 5*d + 34 = 0. Let m(j) = n - 6*j + 5 - 2 + 2*j + j**2. What is m(4)?
6
Let k(d) = 21*d + 7. Let b(p) = 62*p + 21. Let r(y) = -6*b(y) + 17*k(y). Let i(j) = 7*j + 3. Let h(u) = -13*i(u) - 6*r(u). Let q = 9 - 6. Give h(q).
0
Let o(r) = -1 - 3*r**2 + 5*r**2 - 3*r**2 + 7*r. Let z(p) = -4*p - 18. Let w be z(-6). Give o(w).
5
Let b = -13 - -10. Let x(t) = 6*t**3 - 4*t**2 - 3. Let g(k) = 5*k**3 - 3*k**2 - k - 3. Let d(o) = 5*g(o) - 4*x(o). Give d(b).
-6
Suppose -2 = 2*u - 2*g, -3*u - 2*g = 1 - 3. Suppose u = 5*q - 2*q + 15. Let s(m) = 5 - m + m**2 + 3*m + 3*m. Give s(q).
5
Let s = 22 - 26. Let k(x) = -15*x**3 - 23*x**2 - 14*x + 3. Let v(w) = -7*w**3 - 11*w**2 - 7*w + 1. Let f(u) = 6*k(u) - 13*v(u). What is f(s)?
-7
Let g(q) = -q**3 + 4*q**2 + q + 1. Let a be g(4). Let b(r) = 0 - a - r + 10. Give b(4).
1
Let u(r) = 5*r + 4. Let k(m) be the third derivative of 3*m**4/8 + 4*m**3/3 + 4*m**2. Let p(n) = 6*k(n) - 11*u(n). Calculate p(3).
1
Let o be (-1)/(-2)*-6 + 6. Let g(i) = 2*i**3 + 3*i**2 + 2*i + 1. Let w(j) = 5*j**3 + 9*j**2 + 6*j + 3. Let x = -4 + 1. Let u(k) = x*w(k) + 8*g(k). What is u(o)?
-7
Let l(g) = -g**2. Suppose o + 0*i = i + 4, 0 = 5*o - 4*i - 15. Calculate l(o).
-1
Let l(f) = -6*f - 4*f - 1 - 6 - 3*f**2 + 2*f**2. Determine l(-10).
-7
Suppose 0 = -4*t - 8, -t + 2*t - 13 = -3*l. Let j = 7 - 4. Suppose -j*p - l*b + 15 = 0, 4*p = 6*p + 2*b - 6. Let n(i) = i + 5. Determine n(p).
5
Let m be (15/(-12))/(1/4). Let c(b) = -b**2 - b - 1. Let h(g) = g**2 - 4*g + 2. Let j(a) = 2*c(a) + h(a). Calculate j(m).
5
Let r be 6/27 + 130/(-18). Let w = 2 + r. Let g(f) = f**3 + 6*f**2 + 3*f - 3. Give g(w).
7
Suppose -3*p + 4 + 2 = 0. Let d(o) = -6*o**p + 3 + 2 + 2*o - 4. Give d(-1).
-7
Let d(q) = q + 3. Suppose 18 = 12*k - 54. Determine d(k).
9
Suppose 4*q = -q + 20. Let k(w) = w + 0 - 2 - w**2 - 5*w + 8*w. What is k(q)?
-2
Let p = -7 + 6. Let h(c) = -8*c**3 - c**2 - 2*c - 1. Determine h(p).
8
Let n(r) = -r - 3. Let f be (4 + -1)/((-3)/(-2)). Suppose -f*b - 3*b = 0. What is n(b)?
-3
Let s(m) = m - 2. Let v = 5 + -5. Suppose v = -7*i + 3*i. Let j be s(i). Let o(y) = -y**2 - 2*y - 1. Give o(j).
-1
Let q(k) be the first derivative of -k**2/2 - k - 14. Calculate q(-4).
3
Let d be ((-25)/10)/((-20)/48). Let l(p) = 2*p - 6. Determine l(d).
6
Let c(n) be the second derivative of n**3 - 15*n. What is c(-1)?
-6
Let i(g) = 5*g - g - g - 3 - 4. What is i(5)?
8
Suppose -2*k - k - 5*s = 0, s = -3*k - 12. Let n(m) = -1 - 8*m - 2 - m**2 - 4. Calculate n(k).
8
Let j(o) = 7*o. Let g(k) be the second derivative of -4/3*k**3 + k - 1/12*k**4 + 0 + 1/2*k**2. Let u be g(-8). Determine j(u).
7
Let a(h) = 10*h - 2. Let b = -19 + 13. Let z(n) = 11*n - 2. Let o(q) = b*z(q) + 7*a(q). Suppose 4*j - 8 = -2*x, -3*j = j + x - 8. Calculate o(j).
6
Suppose -5*d - 3*u = -d - 37, -5*d + 32 = -u. Suppose -d = -4*p + 5. Let t = p + -5. Let x(q) = -2*q**3 - 2*q**2 + q + 1. What is x(t)?
7
Let j = 218 - 227. Let d(b) = -b - 12. Give d(j).
-3
Let a(p) = p**2 - 3. Suppose -u = u. What is a(u)?
-3
Let r be (-6)/(-4) - (-12)/8. Let w = r - -3. Let c(k) = -6*k - w + 4 + 1. Calculate c(-1).
5
Suppose 0 = l - 2 + 1. Let c(t) = l + 1 - t - 1. Suppose -x + 2*x = 2*d - 3, 5*x - d - 3 = 0. Determine c(x).
0
Let r(g) be the third derivative of 2*g**5/15 + g**3/6 - g**2. Let n be 180/204 + 2/17. Calculate r(n).
9
Suppose 0 = -4*b + 8 - 24. Let o(z) = z + 3. Give o(b).
-1
Let u(r) = 6*r - 4. Suppose -5*z + 16 = -3*f, -f - 28 = -2*f - 5*z. Determine u(f).
14
Let y(d) = -d**2 + 3*d - 3. Let k(b) = 3*b**2 - 8*b + 8. Let j(u) = -6*k(u) - 17*y(u). What is j(-3)?
3
Let i(q) = -q - 1. Let t be i(-6). Suppose -2*b - 9 = -t*b. Let f(u) = -u**3 + 5*u**2 - 2*u - 1. Calculate f(b).
11
Let x(o) = 3*o**2 - o + 7*o**2 + 6*o**3 - 2*o**3 - 5*o**2. Let y(u) = 3*u**3 + 4*u**2 - u + 1. Let c(n) = -2*x(n) + 3*y(n). What is c(-3)?
-3
Let i be (-2)/(-4)*(2 + -2). Suppose 3*c - 22 = -5*w, 0 = 2*c + 2*c + 3*w - 22. Let p(q) = 2*q + c*q - 5*q - 3. Calculate p(i).
-3
Let k(j) = j**3 - j**2 + j + 1. Let d(h) = -3*h**3 + 3*h**2 - h - 2. Let p(c) = -d(c) - k(c). Give p(2).
9
Suppose 3*d = 2*d + 2. Let j(c) = -2*c + d*c + 3*c - 4*c. Suppose 0 = -2*l - 2*l - 16. Calculate j(l).
4
Let p(v) = 2*v**2 + 2*v - 4. Let g = 1 - 4. Give p(g).
8
Let q(o) = o**2 + 2*o + 1. Let m(n) = -n**2 - n - 1. Let w be (-2)/2*(4 - 1). Let h(v) = w*q(v) - 2*m(v). Determine h(-5).
-6
Let s be (3 + 3)*(-3)/(-6). Let u(h) = -h + 3 - s + 4 - 1. Give u(6).
-3
Let z(w) = w + 1. Let v(s) = -2*s + 3*s**3 - 4*s**3 - s - 8 - 5*s**2 + 3*s**2. Let m(a) = v(a) + 6*z(a). What is m(-3)?
-2
Let m = 53 + -46. Let a(x) = x - 5. Give a(m).
2
Let u(i) be the third derivative of -i**7/840 - i**6/90 - i**5/40 - i**4/8 + 7*i**3/6 + 9*i**2. Let h(s) be the first derivative of u(s). Give h(-4).
9
Let q(w) be the second derivative of 7*w**6/120 + w**5/60 - w**4/12 + w**3/6 + 3*w**2/2 + w. Let c(g) be the first derivative of q(g). What is c(1)?
7
Let t = -17 + 20. Let o(m) be the third derivative of 0 - 1/4*m**4 + m**2 - 1/3*m**t + 0*m - 1/60*m**5. Determine o(-5).
3
Let s(q) = q**2 + 5 + q**2 - q**2 + 4*q. Let t be (-112)/12 - (-2)/6. Let r be (3 + 15/t)*-3. Determine s(r).
5
Let l(c) = 3*c - 3*c**2 - 2*c**2 + c**3 + 3*c - 1 - 5*c. Determi